2*h**3 - 2*h**2 - 5*h - 4. Let o be f(-2). Let b be (-52)/o - 44/154. Let r(l) = -l**3 - 3*l**2 + 4*l + 6. Calculate r(b).
6
Let q(b) = -2*b + 34174 + b**2 - 34177 - 2*b. Determine q(5).
2
Let d(m) = m**2 - 2*m - 1. Let o be d(3). Suppose 0 = 2*x + 10, -x + 5*x + 28 = -o*y. Let f = y + 9. Let j(u) = -u + 4. Give j(f).
-1
Suppose 4*w - f + 6 = -15, -15 = -3*f. Let z = 0 + w. Let b be ((-6)/z)/((-9)/(-12)). Let x(v) = v**3 + 2*v**2 - 3*v + 1. Calculate x(b).
11
Suppose -2*k - 2*r = 0, -3*k + 5*r = 3*r - 15. Let m(g) = 2*g**2 + 45*g**3 + 45*g**k - 85*g**3 + g. Calculate m(-1).
-4
Let c(l) be the first derivative of l**4/24 - 3*l**3/2 + l**2/2 + 1. Let p(j) be the second derivative of c(j). Let z = 140 - 133. Give p(z).
-2
Let p(o) = -o**2 + o. Let i be 2*3/(-12)*0. Let q be p(i). Let v(n) = -8 - 1 + q*n + 2 - n. Determine v(-4).
-3
Suppose -2*c + 60 = 4*c. Let t be (-11)/2 - c/4. Let r be ((-5)/(-4))/(t/(-32)). Let m(f) = f - 7. Calculate m(r).
-2
Suppose q = 7*q - 678. Let n = q + -108. Let d(b) = -b**3 + 6*b**2 - 3*b - 7. Give d(n).
3
Let c(h) = h**2 + 14*h - 340. Let b be c(-27). Let l(x) be the third derivative of 1/8*x**4 + 0*x + b*x**2 + 5/6*x**3 + 0. Determine l(4).
17
Let c be -3 + 4/(40/90). Let k(j) = 2*j + 5. Give k(c).
17
Let i(t) = -2 + 9*t - 2 - t**2 - 15*t. Let j be i(-5). Let a(c) = j + 3*c**3 + 2*c + 2*c**3 - 6*c**3 - 2*c**2. Calculate a(-2).
-3
Let f(j) = -7*j - 1. Let v(r) = -r**3 + 5*r**2 - 5*r - 4. Let z = -3 - -7. Let q be v(z). Let d(a) = 20*a + 3. Let i(m) = q*f(m) - 3*d(m). Determine i(-3).
11
Let h(f) = -743*f + 743. Let l be h(1). Let j(i) = 8*i**2 + 6*i - 21. Let v(b) = 7*b**2 + 5*b - 20. Let r = 2 - -4. Let m(n) = r*j(n) - 7*v(n). Give m(l).
14
Let i(f) = -3*f**3 - 23*f**2 - 29*f + 14. Let j(l) = l**3 + 8*l**2 + 10*l - 5. Let x(w) = -6*i(w) - 17*j(w). Let d = -11 - -8. Calculate x(d).
-20
Let r(m) be the first derivative of m**4/4 + 2*m**3 - m**2/2 + 6*m - 473. Determine r(-5).
36
Let x be 4 + -2 + -1 - (5 + -7). Let q(b) be the second derivative of -1/12*b**4 + 0*b**x + 0 - 4*b + 1/2*b**2. Give q(0).
1
Suppose -147 = 4*w - 7*w. Let v = w + -50. Let b(q) = 3*q + 1. Determine b(v).
-2
Let w(z) = z**2 + 13*z - 91. Let x be w(5). Let v(l) be the first derivative of 7*l**4/2 + l**3/3 - l**2/2 - l - 1. Calculate v(x).
-13
Let r be ((-4)/20)/(2/(-10)). Let w(v) = 0*v**3 - v**3 - v**2 + r + 0*v**2 + 3*v**3. Calculate w(-1).
-2
Let t be 4/(-18) + 830/90. Let j(x) = -5 - 5 + t - 3*x. Give j(-6).
17
Let o(u) = -4*u**2 - 60*u + 2. Let m be o(-15). Let q(l) be the second derivative of 0*l**3 + 0 + 0*l**m - l + 1/12*l**4. What is q(-1)?
1
Suppose -z + 4 = -3*q, q + 2 - 4 = 2*z. Let v(j) = j + 2084 + 2087 + 6*j**2 - 4173. Calculate v(q).
20
Let g(m) = m**2 - 3*m + 4. Let p = -1 + 4. Let f be g(p). Let x(c) be the third derivative of c**4/24 - c**3/3 - 12*c**2 + 12*c. Calculate x(f).
2
Let j(f) = 24*f**2 + 1 - 15*f**2 - 6*f**3 - 12*f**2 - 3. Let a(s) = 7*s**3 + 3*s**2 + 3. Let d(n) = 3*a(n) + 4*j(n). What is d(-2)?
13
Let a(f) = f**3 - 3*f**2 - 4*f + 3. Suppose 3*m = 10 + 2. Let q be m/9*9/2. What is a(q)?
-9
Let v = 7 + -4. Let d = 5 - v. Suppose u = w - 1, w + 5*u = -d*w + 11. Let z(x) = -x + 2. Give z(w).
0
Let t(b) = 3*b**2 + 2*b - 3. Suppose -4*l + 6 = -7*l. Let j(n) = 12*n**2 + 9*n - 13. Let z(w) = l*j(w) + 9*t(w). Determine z(1).
2
Let k(u) = -2*u**2 + 3*u + 4. Let d(w) = -w**3 + 10*w**2 + 3 - 2*w + 12*w + w. Let y(i) = -2*i + 23. Let j be y(6). Let m be d(j). Give k(m).
-5
Let z be 2*1/(2/(-4)). Let v(y) = 9*y + 2. Let w(s) = -16*s - 5. Let c(d) = 5*v(d) + 3*w(d). Give c(z).
7
Suppose 0*f - 5*f = 25. Let l(u) be the first derivative of -3*u**2/2 - 7*u + 209. Let i(o) = -3*o - 6. Let p(x) = f*i(x) + 4*l(x). What is p(-2)?
-4
Let m(t) = 6*t - 27. Let w(z) = -z**3 + 7*z**2 - z + 3. Let b be w(7). Let x(a) = 3*a - 13. Let v(h) = b*m(h) + 9*x(h). Give v(6).
9
Let w(s) = 4*s + 9. Let y(x) = x + 2. Let p(d) = -2*w(d) + 9*y(d). Let b = -61 + 62. Let z(i) = 5*i - 11. Let r(h) = b*z(h) - 4*p(h). Determine r(5).
-6
Let k(y) = 4*y + 3*y + 1 + y + 0*y - 3. Calculate k(-1).
-10
Let s(f) = -f. Let m(l) = 9*l - 2 - 2*l + 0. Let k(a) = -m(a) - 6*s(a). Give k(-6).
8
Let g be 3 + (-4*2)/(-1). Let p = g - 7. Let m(q) = 5*q - 6 - 4*q + 2*q - p*q. Calculate m(-6).
0
Let o(g) be the first derivative of -7*g**2/2 + 45*g - 82. Calculate o(6).
3
Let l(v) be the second derivative of v**5/20 - 5*v**4/6 + v**3/3 - 3*v**2/2 + 9*v - 39. Give l(10).
17
Let s(l) = -l**2 - 4*l + 4. Let m(j) = -46*j + 508. Let f be m(11). Determine s(f).
-8
Let j(z) = -11. Let g(r) = 9. Let n(u) = 5*g(u) + 4*j(u). Let s(i) = i**2 + 7*i + 4. Let h(w) = -3*n(w) + s(w). Calculate h(-5).
-9
Let s(f) = -f**2 + 10*f - 12. Let k be s(2). Let q(o) = -o + o**2 - 4*o + 4*o - 2 - 3. Calculate q(k).
7
Let b(k) = -k**2. Let p(q) = -2*q - 19. Let w(x) = -3*x - 29. Let v(j) = 8*p(j) - 5*w(j). Let s be v(-7). Give b(s).
0
Let c(v) = -v + 2. Let d be c(0). Let w(t) = -3 + t**3 + d - 8*t**2 + t + 3*t**2. Suppose -40*j - 43 = -243. Determine w(j).
4
Let o(r) = r**3 + 8*r**2 + r + 8. Suppose -5*q + 127 = l, 2*q + 4*l = 8*l + 42. Let c = 17 - q. Give o(c).
0
Let q(y) = -3 - y**2 + 0*y**2 + 0*y**2. Let o(m) = 3*m**2 - 10*m - 8. Let i be 10/(-2)*8*(-2)/20. Let a be o(i). Determine q(a).
-3
Let p(n) be the first derivative of -n**4/4 + 4*n**3/3 - 2*n**2 + 3*n - 145. What is p(2)?
3
Let n(o) = o**3 - 4*o**2 + o + 5. Let l be n(3). Let j(v) = v + 2. Calculate j(l).
1
Let n(w) = -2*w**3 + 3*w**2 - 2*w. Suppose 3*p + 4 = y, 3*y + 2*p - 4 = 7*p. Let i be ((-4 - 0)/(3/3))/y. Calculate n(i).
-8
Let h(q) = -q**2 - 45*q - 204. Let j be h(-40). Let c(w) = -w**2 - w + 15. Give c(j).
3
Let s be (-2)/(-3 + (8 - 9)). Let q(o) be the third derivative of 2*o**2 + 0*o + 0 + s*o**3 - 1/24*o**4. Determine q(-7).
10
Let i = -4 - -28. Let d = 25 - i. Let y(a) be the third derivative of -7*a**5/60 + a**4/24 - a**2. Calculate y(d).
-6
Suppose 2*c - 2 = -2*q, 0 = 3*c + 7*q - 2*q - 1. Let f be 10 + -4 + (-12)/3. Let s(x) = -3*x + x - x**f + 3*x. What is s(c)?
-2
Let v(y) = -y**2 - 2*y - 1. Let q = 23 - 15. Suppose 3*d - q*d = 15. What is v(d)?
-4
Let b(c) be the first derivative of 12*c + 7 - 1/2*c**3 + c**2. Let h(z) be the first derivative of b(z). What is h(-2)?
8
Let r be (-4 + -47)*(-1)/(-3). Let g = -14 - r. Let w(x) = x**3 - 2*x**3 + 2*x + 0*x**g + x + 2. What is w(-2)?
4
Let k(j) = -25*j**3 + 6*j**2 + 23*j - 7. Let w(q) = q**3 + q**2 + 4*q - 1. Let u(i) = k(i) - 6*w(i). What is u(-1)?
31
Let g be ((-12)/(-10))/((-2)/(-5)). Let p = g - 10. Let q be 3/(-3)*p - 0. Let s(v) = -v**2 + 5*v + 9. What is s(q)?
-5
Let h(r) be the second derivative of -r**5/4 - r**3/6 + r**2 - r - 37. What is h(1)?
-4
Let p(w) = 64 - 5*w - 136 + 66 + 2*w. Give p(-4).
6
Let x(l) = -l**2 - 6*l + 2. Let r(k) = -k**3 + 10*k**2 + 7*k - 40. Let q be r(11). Let p be q/16 + 2/8. Calculate x(p).
7
Let m be (-4 - (-10)/5)/(1/(-2)). Let o(l) = -l + 6*l - m*l. Determine o(0).
0
Let y(q) = 4*q + 1. Let b be y(6). Suppose -3*d + 8*d = b. Let f(z) = -1 + 1 + 1 - d*z. Determine f(1).
-4
Let g be ((-2)/(-4))/((-5)/4 + 1). Let t(z) = -z**3. Determine t(g).
8
Let s(j) = -j**2 - 5*j - 2. Let v be (0 - -2)*2/(12/66). Let d = v + -26. Determine s(d).
2
Let b(g) be the first derivative of -g**4/4 + 4*g**3/3 - 3*g**2/2 - 2*g - 119. Determine b(2).
0
Suppose 0 = 2*g - 4 + 12. Let f(y) = -y**3 - 5*y**2 - 3*y + 3. Let p be f(g). Let i(q) = q - 1. Let h be i(p). Let c(r) = -3*r**2 - 3*r. Determine c(h).
-6
Let n(g) = 4*g. Let d be n(-1). Let o(x) = -x + 2. Let f(k) = -2. Suppose 4*m + 0*m - 8 = 0. Let t(h) = m*o(h) + 3*f(h). Give t(d).
6
Let j(d) = d**3 - 8*d**2 + 5*d + 3. Suppose 2*k = 14 - 0. Calculate j(k).
-11
Let k(i) = -11*i**2 + 5*i + 5. Let x(n) be the third derivative of -n**5/3 + 5*n**4/12 + 3*n**3/2 + 18*n**2. Let r(q) = -11*k(q) + 6*x(q). Give r(-3).
-7
Let u(z) = z**2 - z - 1. Let w(c) = 3*c - 1. Let x be ((-3)/2)/(7/14). Let a be w(x). Let j = -10 - a. Give u(j).
-1
Let v(h) be the second derivative of -h**4/12 - 3*h**3/2 - 11*h**2/2 + 1566*h. Let w(r) = -3*r + 1. Let i be (-1 - (-7)/4)*4. Let f be w(i). Calculate v(f).
-3
Let v(z) = -3*z - 13. Let t = 187 - 193. What is v(t)?
5
Let q(c) = 180 + 201 + 4*c**2 + 14*c - 364 - 2*c**2 - c**2. Give q(-12).
